{"id":618,"date":"2024-09-15T18:23:21","date_gmt":"2024-09-15T16:23:21","guid":{"rendered":"https:\/\/www.tdm.ink\/?page_id=618"},"modified":"2025-09-22T07:17:09","modified_gmt":"2025-09-22T05:17:09","slug":"la-chute-des-perats","status":"publish","type":"page","link":"https:\/\/www.tdm.ink\/?page_id=618","title":{"rendered":"La Chute des Perats"},"content":{"rendered":"\n<h1 class=\"wp-block-heading has-text-align-center has-background-color-color has-text-color\">32 km &#8211; 1200 D+<\/h1>\n\n\n\n<p class=\"has-text-align-center\"><strong>Partez pour l&rsquo;ascension du Moncalm et plus encore ! <\/strong><\/p>\n\n\n\n<ul class=\"wp-block-list\">\n<li><strong>D\u00e9part <\/strong>: 7h30<\/li>\n\n\n\n<li><strong>Lieu du d\u00e9part<\/strong> : Zone d\u00e9part \/ arriv\u00e9e du TDM &#8211; Mine T\u00e9moin \u00e0 Al\u00e8s<\/li>\n\n\n\n<li>4 ravitaillements sur la course (1 liquide et 3 complets)<\/li>\n\n\n\n<li><strong>Prix<\/strong> : 32\u20ac jusqu&rsquo;\u00e0 la veille de la course &#8211; 37\u20ac le jour J<\/li>\n\n\n\n<li>+ 18 ans (cadet junior \u2264 2008)<\/li>\n\n\n\n<li><strong>Barri\u00e8res horaires<\/strong> : \n\n\n\n\n\n\n\n\n\n\n\n\n\n\n\n\n\n\n\n\n\n\n\n\n\n\n\n\n\n\n\n\n<ul class=\"wp-block-list\">\n<li>1er ravitaillement solide (8,5km) : 9h<\/li>\n\n\n\n<li>2\u00e8me ravitaillement solide (15,5km) : 11h<\/li>\n\n\n\n<li>3\u00e8me ravitaillement solide (25km) : 12h<\/li>\n\n\n\n<li>Arriv\u00e9e : 13h30<\/li>\n<\/ul>\n<\/li>\n\n\n\n<li><strong>Sp\u00e9cificit\u00e9<\/strong> : parcours avec des passages techniques.<\/li>\n<\/ul>\n\n\n<div class=\"wp-block-image\">\n<figure class=\"aligncenter size-large\"><img loading=\"lazy\" decoding=\"async\" width=\"1024\" height=\"425\" src=\"https:\/\/www.tdm.ink\/wp-content\/uploads\/2025\/09\/Capture-decran-32km-1024x425.png\" alt=\"\" class=\"wp-image-760\" srcset=\"https:\/\/www.tdm.ink\/wp-content\/uploads\/2025\/09\/Capture-decran-32km-1024x425.png 1024w, https:\/\/www.tdm.ink\/wp-content\/uploads\/2025\/09\/Capture-decran-32km-300x125.png 300w, https:\/\/www.tdm.ink\/wp-content\/uploads\/2025\/09\/Capture-decran-32km-768x319.png 768w, https:\/\/www.tdm.ink\/wp-content\/uploads\/2025\/09\/Capture-decran-32km-1536x638.png 1536w, https:\/\/www.tdm.ink\/wp-content\/uploads\/2025\/09\/Capture-decran-32km.png 1642w\" sizes=\"auto, (max-width: 1024px) 100vw, 1024px\" \/><\/figure>\n<\/div>\n\n<div class=\"wp-block-image\">\n<figure class=\"aligncenter size-full\"><img loading=\"lazy\" decoding=\"async\" width=\"952\" height=\"327\" src=\"https:\/\/www.tdm.ink\/wp-content\/uploads\/2025\/09\/Capture-decran-profil-32km.png\" alt=\"\" class=\"wp-image-761\" srcset=\"https:\/\/www.tdm.ink\/wp-content\/uploads\/2025\/09\/Capture-decran-profil-32km.png 952w, https:\/\/www.tdm.ink\/wp-content\/uploads\/2025\/09\/Capture-decran-profil-32km-300x103.png 300w, https:\/\/www.tdm.ink\/wp-content\/uploads\/2025\/09\/Capture-decran-profil-32km-768x264.png 768w\" sizes=\"auto, (max-width: 952px) 100vw, 952px\" \/><\/figure>\n<\/div>\n\n\n<div style=\"height:40px\" aria-hidden=\"true\" class=\"wp-block-spacer\"><\/div>\n\n\n\n<div class=\"wp-block-buttons alignwide is-content-justification-center is-layout-flex wp-container-core-buttons-is-layout-a89b3969 wp-block-buttons-is-layout-flex\">\n<div class=\"wp-block-button has-custom-width wp-block-button__width-25 is-style-outline is-style-outline--1\"><a class=\"wp-block-button__link has-white-background-color has-background has-medium-font-size has-text-align-center has-custom-font-size wp-element-button\" href=\"https:\/\/drive.google.com\/file\/d\/1GP0O7KinshJ177ilUAWMBj71f5272hxN\/view?usp=drive_link\">Trac\u00e9 GPX<\/a><\/div>\n<\/div>\n\n\n\n<div style=\"height:40px\" aria-hidden=\"true\" class=\"wp-block-spacer\"><\/div>\n\n\n\n<div class=\"wp-block-buttons is-content-justification-center is-layout-flex wp-container-core-buttons-is-layout-a89b3969 wp-block-buttons-is-layout-flex\">\n<div class=\"wp-block-button has-custom-width wp-block-button__width-75\"><a class=\"wp-block-button__link has-midnight-gradient-background has-background wp-element-button\" href=\"https:\/\/www.runandsmilevent.fr\/participer\/trail-des-mines-2025\/\">Je m&rsquo;inscris \u00e0 la Course de la Chute des Perats<\/a><\/div>\n<\/div>\n\n\n\n<div style=\"height:40px\" aria-hidden=\"true\" class=\"wp-block-spacer\"><\/div>\n\n\n\n<p><\/p>\n","protected":false},"excerpt":{"rendered":"<p>32 km &#8211; 1200 D+ Partez pour l&rsquo;ascension du Moncalm et plus encore !<\/p>\n","protected":false},"author":4,"featured_media":0,"parent":0,"menu_order":0,"comment_status":"closed","ping_status":"closed","template":"","meta":{"footnotes":""},"class_list":["post-618","page","type-page","status-publish","hentry"],"_links":{"self":[{"href":"https:\/\/www.tdm.ink\/index.php?rest_route=\/wp\/v2\/pages\/618","targetHints":{"allow":["GET"]}}],"collection":[{"href":"https:\/\/www.tdm.ink\/index.php?rest_route=\/wp\/v2\/pages"}],"about":[{"href":"https:\/\/www.tdm.ink\/index.php?rest_route=\/wp\/v2\/types\/page"}],"author":[{"embeddable":true,"href":"https:\/\/www.tdm.ink\/index.php?rest_route=\/wp\/v2\/users\/4"}],"replies":[{"embeddable":true,"href":"https:\/\/www.tdm.ink\/index.php?rest_route=%2Fwp%2Fv2%2Fcomments&post=618"}],"version-history":[{"count":13,"href":"https:\/\/www.tdm.ink\/index.php?rest_route=\/wp\/v2\/pages\/618\/revisions"}],"predecessor-version":[{"id":795,"href":"https:\/\/www.tdm.ink\/index.php?rest_route=\/wp\/v2\/pages\/618\/revisions\/795"}],"wp:attachment":[{"href":"https:\/\/www.tdm.ink\/index.php?rest_route=%2Fwp%2Fv2%2Fmedia&parent=618"}],"curies":[{"name":"wp","href":"https:\/\/api.w.org\/{rel}","templated":true}]}}