{"id":143,"date":"2023-08-24T09:05:57","date_gmt":"2023-08-24T07:05:57","guid":{"rendered":"https:\/\/tdm.emait.fr\/?page_id=143"},"modified":"2026-02-11T21:08:28","modified_gmt":"2026-02-11T20:08:28","slug":"resultats","status":"publish","type":"page","link":"https:\/\/www.tdm.ink\/?page_id=143","title":{"rendered":"R\u00e9sultats"},"content":{"rendered":"\n<p class=\"has-text-align-center has-accent-color has-text-color has-large-font-size\"><strong>F\u00e9licitation \u00e0 tous ! <\/strong><\/p>\n\n\n\n<p class=\"has-text-align-center has-medium-font-size\">Les r\u00e9sultats des 3 premi\u00e8res \u00e9ditions du TDM ne sont qu&rsquo;\u00e0 un clic !<\/p>\n\n\n\n<div style=\"height:26px\" aria-hidden=\"true\" class=\"wp-block-spacer\"><\/div>\n\n\n\n<div class=\"wp-block-columns is-layout-flex wp-container-core-columns-is-layout-9d6595d7 wp-block-columns-is-layout-flex\">\n<div class=\"wp-block-column is-layout-flow wp-block-column-is-layout-flow\">\n<div class=\"wp-block-buttons is-content-justification-center is-layout-flex wp-container-core-buttons-is-layout-16018d1d wp-block-buttons-is-layout-flex\">\n<div class=\"wp-block-button has-custom-width wp-block-button__width-100 is-style-outline is-style-outline--1\"><a class=\"wp-block-button__link has-accent-color has-white-background-color has-text-color has-background has-text-align-center wp-element-button\" href=\"https:\/\/www.endurancechrono.com\/fr\/Trail_des_Mines\">R\u00e9sultats du TDM 2023<\/a><\/div>\n<\/div>\n<\/div>\n\n\n\n<div class=\"wp-block-column is-layout-flow wp-block-column-is-layout-flow\">\n<div class=\"wp-block-buttons is-content-justification-center is-layout-flex wp-container-core-buttons-is-layout-16018d1d wp-block-buttons-is-layout-flex\">\n<div class=\"wp-block-button has-custom-width wp-block-button__width-100 is-style-outline is-style-outline--2\"><a class=\"wp-block-button__link has-accent-color has-text-color has-text-align-center wp-element-button\" href=\"https:\/\/www.endurancechrono.com\/fr\/Trail_des_Mines_1\">R\u00e9sultats du TDM 2024<\/a><\/div>\n<\/div>\n<\/div>\n<\/div>\n\n\n\n<div class=\"wp-block-buttons alignwide is-content-justification-center is-layout-flex wp-container-core-buttons-is-layout-16018d1d wp-block-buttons-is-layout-flex\">\n<div class=\"wp-block-button is-style-outline is-style-outline--3\"><a class=\"wp-block-button__link has-accent-color has-text-color has-text-align-center wp-element-button\" href=\"https:\/\/www.tdm.ink\/wp-content\/uploads\/2025\/11\/Resultats_10_Coup-de-Grisou-1.pdf\">Je consulte les r\u00e9sultats du Coup de Grisou 2025<\/a><\/div>\n\n\n\n<div class=\"wp-block-button is-style-outline is-style-outline--4\"><a class=\"wp-block-button__link has-accent-color has-text-color wp-element-button\" href=\"https:\/\/www.tdm.ink\/wp-content\/uploads\/2025\/11\/Resultats_22_Garde-Mines-1.pdf\">Je consulte les r\u00e9sultats du Garde-Mines 2025<\/a><\/div>\n\n\n\n<div class=\"wp-block-button is-style-outline is-style-outline--5\"><a class=\"wp-block-button__link has-accent-color has-text-color wp-element-button\" href=\"https:\/\/www.tdm.ink\/wp-content\/uploads\/2025\/11\/Resultats_32_Chute-des-Perats-1.pdf\">Je consulte les r\u00e9sultats de La Chute des P\u00e9rats 2025<\/a><\/div>\n<\/div>\n\n\n\n<p><\/p>\n","protected":false},"excerpt":{"rendered":"<p>F\u00e9licitation \u00e0 tous ! Les r\u00e9sultats des 3 premi\u00e8res \u00e9ditions du TDM ne sont qu&rsquo;\u00e0 un clic !<\/p>\n","protected":false},"author":2,"featured_media":0,"parent":0,"menu_order":0,"comment_status":"closed","ping_status":"closed","template":"","meta":{"footnotes":""},"class_list":["post-143","page","type-page","status-publish","hentry"],"_links":{"self":[{"href":"https:\/\/www.tdm.ink\/index.php?rest_route=\/wp\/v2\/pages\/143","targetHints":{"allow":["GET"]}}],"collection":[{"href":"https:\/\/www.tdm.ink\/index.php?rest_route=\/wp\/v2\/pages"}],"about":[{"href":"https:\/\/www.tdm.ink\/index.php?rest_route=\/wp\/v2\/types\/page"}],"author":[{"embeddable":true,"href":"https:\/\/www.tdm.ink\/index.php?rest_route=\/wp\/v2\/users\/2"}],"replies":[{"embeddable":true,"href":"https:\/\/www.tdm.ink\/index.php?rest_route=%2Fwp%2Fv2%2Fcomments&post=143"}],"version-history":[{"count":26,"href":"https:\/\/www.tdm.ink\/index.php?rest_route=\/wp\/v2\/pages\/143\/revisions"}],"predecessor-version":[{"id":858,"href":"https:\/\/www.tdm.ink\/index.php?rest_route=\/wp\/v2\/pages\/143\/revisions\/858"}],"wp:attachment":[{"href":"https:\/\/www.tdm.ink\/index.php?rest_route=%2Fwp%2Fv2%2Fmedia&parent=143"}],"curies":[{"name":"wp","href":"https:\/\/api.w.org\/{rel}","templated":true}]}}